*r = -4 + s. Suppose -5*a = -4*q + 27, -2*a = q + 2 + r. List the prime factors of q.
3
Let m(k) = -k**2 + 5*k. Let c be m(5). Let p be 4 + -7 - (2 - 14). Suppose 5*g - 30 = -5*v - c*v, 2*g - 5*v + p = 0. List the prime factors of g.
3
Let o = 4 + 1. Let l = o - 2. List the prime factors of l.
3
Suppose 0*x + 215 = 5*x. List the prime factors of x.
43
Suppose -3*q + 6 = -0*q. Suppose 0 = -5*x + q*x. What are the prime factors of x + 11 + (-2)/2?
2, 5
Let j(l) = -4 + 3 - 4 + 6 - 6*l. What are the prime factors of j(-3)?
19
Let k(o) = -o + 9. Let j be k(7). Suppose -h - j = 2*h + 5*r, -2 = -3*h - 4*r. List the prime factors of h.
2, 3
Let q = 108 + -40. Suppose 22 = -3*o - u + 74, 4*o + u = q. What are the prime factors of o?
2
Suppose 0 = 3*a - 177 - 93. What are the prime factors of a?
2, 3, 5
Suppose 5*j = -5*f + 130, 5*f - 100 = -0*f + 5*j. Suppose -2*x - v + 19 = -0, -5*v = x - f. List the prime factors of x/(-6)*27/(-6).
2, 3
Suppose -5*w + 5*u - 660 = 0, -2*w - 4*u = 3*w + 696. What are the prime factors of (-10)/15 - w/6?
2, 11
Let v(p) = -25*p + 4. Let x be v(6). Suppose 2*o + 0*o + 20 = 0. What are the prime factors of x/o - (-10)/25?
3, 5
Suppose 4 = 2*x, 0*v + 3*v = 2*x + 2. Suppose -5*m - v*w + 122 = 22, -5*m + 135 = -5*w. List the prime factors of m.
2, 11
Let a be 2/1 - 2 - -3. Suppose 24 - a = d. What are the prime factors of d?
3, 7
Let f(x) = -9*x - 13*x + 9*x. What are the prime factors of f(-1)?
13
Let u = 2 + 22. Suppose -v - v = -u. List the prime factors of v.
2, 3
List the prime factors of (-25)/(-10)*(-522)/(-15).
3, 29
Suppose -w + 73 = 2*v - 232, 5*v + 3*w = 761. What are the prime factors of v?
2, 7, 11
Let h = 1 + 11. Suppose 3*k = -k + h. List the prime factors of 1/1 - (-4 - k).
2
Let l = 1 + 3. Let f(h) = h**3 - 5*h**2 + 4*h + 5. List the prime factors of f(l).
5
Let p be (8/(-10))/(8/20). List the prime factors of 33 - (-2)/4*p.
2
List the prime factors of ((-3)/2)/((-24)/224).
2, 7
Let c = -22 - -33. What are the prime factors of c?
11
Suppose -w + 0*w - 18 = -4*a, -4*a + 12 = 0. List the prime factors of w/(-3) + 3*7.
23
Let u = -1 - -1. Let m(v) = -2*v**2 + v. Let c be m(-1). What are the prime factors of 8 + -1 - u/c?
7
Let m(w) = w + 7. List the prime factors of m(6).
13
List the prime factors of -1*2/(-4)*22.
11
What are the prime factors of (-11 - -7)*(0 - 10)?
2, 5
Let i(c) = -c**3 + 13*c**2 + c + 1. Suppose -11 + 1 = -5*t. Suppose 4 - 30 = -t*d. What are the prime factors of i(d)?
2, 7
What are the prime factors of ((-14)/(-6))/((-685)/345 - -2)?
7, 23
Suppose -5*s + 276 = 16. What are the prime factors of s?
2, 13
Let h = 31 + -22. Let j(n) = -n**2 + 11*n - 11. What are the prime factors of j(h)?
7
Let b = 150 + -6. Suppose l - 80 = -3*k - l, -2*l = -5*k + b. Suppose p + 3*p - k = 0. List the prime factors of p.
7
List the prime factors of 2018/10 - 5/(-50)*2.
2, 101
Suppose y + 189 = 5*d, 5*d - 2*y - 173 = -5*y. Suppose 34 = 4*x - 2*g, 2*g + 3*g = 4*x - d. What are the prime factors of x?
2
Let i = 35 - 18. Suppose -p = -2*p + i. Suppose 4*z - 5*h = -0*z + p, -z + h = -5. What are the prime factors of z?
2
Let g(u) = u**2 + u - 6. Let l be g(-6). Let r = -68 + 57. Let h = l + r. List the prime factors of h.
13
Suppose -3*y = 1 + 8. Let h = y + 8. Suppose -h*s + 5*i = -s - 17, 5*s - 10 = -5*i. List the prime factors of s.
3
Let x be (-102)/5 + (-9)/15. What are the prime factors of 6/x + (-128)/(-7)?
2, 3
Suppose -4*k + 3*k = -10. Let g = k + -3. What are the prime factors of g?
7
Let v = 1 - -1. Suppose -z = 2*a - 6*a + v, a = 5*z + 10. Let n = 5 + z. What are the prime factors of n?
3
Let m(d) = d**3 + 4*d**2 + d + 3. Suppose 50 = 2*g - 7*g. Let b = g - -7. What are the prime factors of m(b)?
3
Suppose -4 = 5*q + 886. List the prime factors of q/(-10) - 3/(-15).
2, 3
Let j be 0 - 14/(6/(-3)). Suppose j = 3*r + 19, 3*r = -2*d + 20. List the prime factors of d.
2
Let t = 3 - 1. What are the prime factors of (-2)/4 - (-25)/t?
2, 3
Let c = -13 - -15. List the prime factors of c/(-13) + (-246)/(-78).
3
Suppose -2*w + 4*t - 10 = 0, 0 = 5*w + 3*t - 13 - 27. Suppose -4*c - 32 = -2*d, 0 = w*c - 2*d - 2*d + 34. Let j = c + 16. What are the prime factors of j?
2, 3
Suppose 0 = -2*v - 2*n + 22, -4*n + 0*n + 26 = v. Suppose 4 = -2*f + 4*s, 0 = -s + 4*s - v. List the prime factors of f.
2
Let r = -38 + 59. Let t = 1 + r. Suppose a + 3*j + 0*j = 17, 4*j - t = -a. List the prime factors of a.
2
Let d(p) = -p**3 + 8*p**2 - 5*p + 4. Let r be 1/((-2)/(-8)) + 3. Let h be d(r). Suppose 4*y - h = y. What are the prime factors of y?
2, 3
Let d(x) be the second derivative of -x**4/12 - x**3/6 + 4*x**2 + 3*x. What are the prime factors of d(0)?
2
Let n(b) = 2*b**2 - 2*b + 2. Let z be ((-1)/3)/((-4)/24). What are the prime factors of n(z)?
2, 3
Let q = 34 + -13. What are the prime factors of q?
3, 7
Let g = -292 + 419. List the prime factors of g.
127
Suppose -2*q - 3*q = 2*x - 14, q - 4 = 0. Let l(m) = -3*m + 6. List the prime factors of l(x).
3, 5
Let x be (-4)/((-32)/10)*4. Let f be 1 + 22 + (-4)/2. Suppose 2*z + f = x*z. What are the prime factors of z?
7
Let i = 16 + -11. Suppose -3*w = x - 28, 4*w - 4*x - i = 3*w. What are the prime factors of w?
3
Suppose -v - 4*v + 40 = 0. Let q(l) = -v*l + 5 + 1 + l**2 + 1. List the prime factors of q(8).
7
Let b be ((-1)/(-1))/2*6. Let m be ((-1419)/(-18))/11 + 1/(-6). Suppose -b*z + 1 = q - m, 3 = 2*z + 3*q. List the prime factors of z.
3
Let n = -20 + 30. Let p = 0 - -2. Suppose -29 = -3*k - p*w, k + 0*k = -w + n. What are the prime factors of k?
3
Let n(y) = -y - 12. Let k be n(-10). Let b be (-10)/5*23/k. Suppose -4*z + d - 4*d + b = 0, 2*z = 5*d - 21. List the prime factors of z.
2
Suppose 4*t = -13 + 5. Let x = 6 - t. List the prime factors of x.
2
Suppose 23*g = 28*g - 15. Let k(o) = -o**3 - 5*o**2 + 6*o. Let n be k(-6). Let y = g + n. List the prime factors of y.
3
Let x = 11 + 26. What are the prime factors of x?
37
Let p = 1 + 4. Suppose -p*k = -0*k, -95 = -5*c - k. List the prime factors of c.
19
Let r(g) = g**3 + 2*g**2 - 3*g + 1. Let h be r(-3). Let o be h/(-3) - 40/6. Let n = -1 - o. What are the prime factors of n?
2, 3
Let x(m) = m + 11. Suppose -j - 2 = 2. List the prime factors of x(j).
7
Let d = 207 + -104. List the prime factors of d.
103
Suppose -2*f - 3*f + 34 = 2*g, -g - 2*f + 19 = 0. What are the prime factors of g?
3
Let h(o) = -o**3 - 6*o**2 + 4*o + 1. What are the prime factors of h(-7)?
2, 11
Suppose 5*k = -0*k + 180. What are the prime factors of ((-4)/(-8))/(2/k)?
3
Suppose -4*y - 8 = -28. Suppose w = -d + 9 + 1, -10 = -y*d. What are the prime factors of w?
2
Suppose -28*u + 716 = -24*u. List the prime factors of u.
179
Let s(b) = b + 4. Let i be s(-4). Suppose i = -3*n - 0*n + 27. What are the prime factors of n?
3
Let t = 90 - 53. What are the prime factors of t?
37
List the prime factors of (347 - 0) + (-21)/(-7).
2, 5, 7
Let d = -23 - -28. What are the prime factors of d?
5
Let x be ((-3)/(-12))/((-2)/(-8)). List the prime factors of 2*x/((-6)/(-33)).
11
Let i(r) = -11*r + 36. List the prime factors of i(-3).
3, 23
Suppose 2*h - 3*j + 12 = -2, 0 = -2*h - 3*j - 2. Let b(r) = r - 2. Let x be b(-6). Let i = h - x. List the prime factors of i.
2
Suppose -23 + 88 = v. List the prime factors of v.
5, 13
Suppose -6*t + 38 + 1150 = 0. What are the prime factors of t?
2, 3, 11
Let w be (-1)/2*6 - -33. Suppose 0*c - w = -2*c. What are the prime factors of c?
3, 5
List the prime factors of 33 + 3/(3/2).
5, 7
Suppose k - 2*k = -20. Suppose 0 = f + 7 - k. List the prime factors of f.
13
Let k(s) = -s**3 + 24*s**2 + 2*s - 18*s**2 - 3*s + 0*s - 6. What are the prime factors of k(5)?
2, 7
Let k be (9/(-5))/((-15)/50). Suppose k*s - 72 = 2*s. List the prime factors of s.
2, 3
Suppose -5*w - t = 43, 2*t = -3*w - 3*t - 39. Let j(a) = a**3 + 9*a**2 + 8*a + 5. Let n be j(w). Suppose -1 = -p + n. What are the prime factors of p?
2, 3
Suppose -16 = 3*h - 112. List the prime factors of h.
2
Let u be 1 + -2 - -3 - -3. Suppose -91 = u*b - 291. List the prime factors of b.
2, 5
Suppose d = -0*f - 2*f + 2, -d - 4*f = -2. Suppose -d*v + 3 = -v. What are the prime factors of v?
3
Let d(i) = i + 4. Let z be d(-3). Let b = 1 - z. Let v(t) = -t**2 - t + 3. What are the prime fa